e 16, what is 1580 - -3?
1583
In base 16, what is d6 + 1?
d7
In base 2, what is -111000010 + 11?
-110111111
In base 12, what is -3 - -70?
69
In base 6, what is -13123 - 0?
-13123
In base 8, what is -24 + -56?
-102
In base 8, what is -4 - -5?
1
In base 14, what is 5 - -4a?
51
In base 12, what is -2 - 219?
-21b
In base 5, what is -20232 - -10?
-20222
In base 13, what is -2 + -1?
-3
In base 14, what is 867 - -b?
874
In base 3, what is -10200 + 11?
-10112
In base 2, what is -100 + -1011100?
-1100000
In base 14, what is 59 - -7a?
d5
In base 13, what is -3b72 + -1?
-3b73
In base 15, what is -2e + 8b?
5c
In base 12, what is a - -1b?
29
In base 10, what is 3 + 33?
36
In base 12, what is 1 - 643?
-642
In base 11, what is 1857 + 3?
185a
In base 13, what is 360 - -a?
36a
In base 10, what is -13 + -266?
-279
In base 4, what is -11 + 3233?
3222
In base 14, what is 117 + 62?
179
In base 10, what is -96 + -3?
-99
In base 7, what is -4 - 212?
-216
In base 6, what is -1321 + 0?
-1321
In base 13, what is 1 - -1576?
1577
In base 7, what is -4 + 12626?
12622
In base 15, what is -82 + 2?
-80
In base 16, what is 2 + -178?
-176
In base 7, what is 6 - -22066?
22105
In base 3, what is -1 + -2000?
-2001
In base 4, what is -212 + 12?
-200
In base 12, what is -1150 - a?
-115a
In base 13, what is 45 - -9?
51
In base 7, what is 26206 - -3?
26212
In base 8, what is -127 - 4?
-133
In base 4, what is 2022 - 2?
2020
In base 6, what is 3 - 3524?
-3521
In base 13, what is -5 + -49?
-51
In base 9, what is 844 - 1?
843
In base 16, what is ae5 - -5?
aea
In base 14, what is -3 - c?
-11
In base 12, what is -2865 - 1?
-2866
In base 4, what is 112 - 21?
31
In base 14, what is -9 - 34?
-3d
In base 6, what is -3400 + -4?
-3404
In base 3, what is -200 + 1221020?
1220120
In base 12, what is -5 - 2912?
-2917
In base 12, what is -41 - -2?
-3b
In base 16, what is -3 + -5d?
-60
In base 11, what is 74 + 13?
87
In base 14, what is -d66 + -9?
-d71
In base 12, what is -77 + 19?
-5a
In base 16, what is 0 + e?
e
In base 7, what is -3 - -525?
522
In base 6, what is 1 - -4?
5
In base 11, what is -3 - 3348?
-3350
In base 10, what is 862 - -23?
885
In base 8, what is -5 - 4?
-11
In base 13, what is 1 + -67?
-66
In base 2, what is 101000 - 100?
100100
In base 14, what is -12b - -1?
-12a
In base 5, what is 333 + -3?
330
In base 8, what is -132 + -1?
-133
In base 15, what is -1 + -379?
-37a
In base 10, what is -5 + -20?
-25
In base 11, what is 0 - -606?
606
In base 10, what is 0 - -105?
105
In base 4, what is 2 + 3230?
3232
In base 10, what is 4 - -71?
75
In base 9, what is 5638 - 2?
5636
In base 10, what is -125 - -11?
-114
In base 9, what is 1203 - -3?
1206
In base 15, what is 3 + 4b?
4e
In base 6, what is -21 - -5?
-12
In base 3, what is 1 + -11000211?
-11000210
In base 13, what is -196 + -2?
-198
In base 4, what is -1 - 2220?
-2221
In base 3, what is 12 + -10222?
-10210
In base 3, what is -22 + -1?
-100
In base 11, what is -5 - -410?
406
In base 11, what is 24a - -15?
264
In base 9, what is 0 + 440?
440
In base 12, what is -12a - -1?
-129
In base 7, what is 1 - -3040?
3041
In base 10, what is 1 + 811?
812
In base 13, what is 0 - 175?
-175
In base 7, what is 3 - -320?
323
In base 12, what is -458 - 5?
-461
In base 14, what is 103 + -9?
d8
In base 13, what is -2a + 269?
23c
In base 14, what is c6 - -2a?
112
In base 6, what is 23430 - 4?
23422
In base 11, what is -119a - -3?
-1197
In base 11, what is -186 + 0?
-186
In base 14, what is -1 + -c6?
-c7
In base 3, what is -2212011 + 2?
-2212002
In base 7, what is 5 + -1425?
-1420
In base 12, what is -7a + 9?
-71
In base 13, what is 31 + 9a?
cb
In base 4, what is 20 + 2211?
2231
In base 7, what is 100 - -4?
104
In base 16, what is 3 + -2c?
-29
In base 10, what is 5 + -596?
-591
In base 11, what is -5 - 3121?
-3126
In base 12, what is -349a + 2?
-3498
In base 11, what is 1 - -197?
198
In base 10, what is 0 - 4230?
-4230
In base 5, what is -340413 - 0?
-340413
In base 12, what is 7 - -320?
327
In base 12, what is 8 + -7?
1
In base 11, what is 2 + 10?
12
In base 6, what is 1241 - -2?
1243
In base 13, what is 47c + 3?
482
In base 2, what is 101 + -100110?
-100001
In base 3, what is 221201 + 11?
221212
In base 16, what is 33d - -15?
352
In base 11, what is -2 + 169?
167
In base 16, what is 3 + 1?
4
In base 8, what is -3 + -61?
-64
In base 7, what is -3 - 61?
-64
In base 13, what is 642 + -4?
63b
In base 10, what is 32 + 4?
36
In base 9, what is -510 + -8?
-518
In base 4, what is -2 + -222213?
-222221
In base 11, what is 1375 - 3?
1372
In base 11, what is 3a78 + -5?
3a73
In base 10, what is -49 + -6?
-55
In base 7, what is -3 + 645?
642
In base 2, what is -1011011 - -1?
-1011010
In base 9, what is -1 + 34?
33
In base 10, what is 2 - 24?
-22
In base 13, what is -4 - 46c?
-473
In base 4, what is -3123 + -2?
-3131
In base 14, what is -5 - 69?
-70
In base 2, what is -101 + -10001001?
-10001110
In base 11, what is -20 + 13?
-8
In base 16, what is 164 + -9?
15b
In base 6, what is -3 - 2302?
-2305
In base 14, what is -5 - 8?
-d
In base 15, what is -aaa + -3?
-aad
In base 4, what is -110100 - 31?
-110131
In base 16, what is 2 - 80f?
-80d
In base 4, what is -10232 + -1?
-10233
In base 6, what is 0 + 232?
232
In base 12, what is 121 - 1?
120
In base 15, what is 2c + -109?
-cc
In base 12, what is -6938 - 2?
-693a
In base 4, what is -20100 + -100?
-20200
In base 12, what is 2393 + 2?
2395
In base 8, what is -5 + -4052?
-4057
In base 2, what is 11010011 - 110?
11001101
In base 12, what is -305 - 2?
-307
In base 2, what is -110 + 10000001?
1111011
In base 16, what is -3 + -f?
-12
In base 13, what is 2 - 53?
-51
In base 3, what is -102 + 100200?
100021
In base 14, what is 7 + 7?
10
In base 3, what is 1102020 + 100?
1102120
In base 4, what is 223 + 30?
313
In base 8, what is -6 + -53?
-61
In base 15, what is 737 + 4?
73b
In base 5, what is -10 + -334?
-344
In base 6, what is 103255 - -5?
103304
In base 9, what is -51527 - 0?
-51527
In base 11, what is -2 + 83?
81
In base 6, what is -1153 - 52?
-1245
In base 5, what is -11 + 12310?
12244
In base 6, what is 4014 + 2?
4020
In base 4, what is 202 - 3?
133
In base 10, what is 3 - 129?
-126
In base 10, what is 661 + 48?
709
In base 7, what is 1 + 201?
202
In base 11, what is -16 - -15?
-1
In base 9, what is -4 - 226?
-231
In base 6, what is 24 - -15033?
15101
In base 10, what is -2 + -44?
-46
In base 2, what is -10110100 + -101?
-10111001
In base 7, what is -114 + 6?
-105
In base 13, what is 82b - -2?
830
In base 13, what is -161b - 5?
-1623
In base 12, what is 113 + 5?
118
In base 6, what is -1510 + 43?
-1423
In base 11, what is 59 + -379?
-320
In base 4, what is -10 - -21?
11
In base 12, what is 31 + 0?
31
In base 7, what is 2 + -2?
0
In base 12, what is -b8b + 2?
-b89
In base 14, what is 3 + 2a1d?
2a22
In base 9, what is -604 + -1?
-605
In base 3, what is 1001 - 0?
1001
In base 3, what is 1222 - 111202?
-102210
In base 8, what is -45 + -34?
-101
In base 7, what is -2 + -1?
-3
In base 7, what is 5 + -524?
-516
In base 6, what is 34 - -4?
42
In base 12, what is -1681 - 0?
-1681
In base 10, what is -3 + -765?
-768
In base 6, what is 4 + 135?
143
In base 8, what is -1 - -10730?
10727
In base 15, what is 1 + -6d2?
-6d1
In base 3, what is -100020 - 22?
-100112
In base 12, what is -5 - -47?
42
In base 15, what is -794d + 5?
-7948
In base 4, what is 3 + -130?
-121
In base 8, what is 2 + 763?
765
In base 2, what is 11 - 111000?
-110101
In base 11, what is 1722 - 9?
1714
In base 10, what is 43 + -2?
41
In base 9, what is 210 - -5?
215
In base 16, what is -7 + 12?
b
In base 11, what is 5 - 92?
-88
In base 6, what is -3 + -350?
-353
In base 2, what is 100110011101 + 1?
100110011110
In base 10, what is -2134 - 4?
-2138
In base 16, what is 1ce - -3?
1d1
In base 15, what is 2 + 8a?
8c
In base 16, what is -23 - -14?
-f
In base 16, what is -236 - 2b?
-261
In base 7, what is 30360 + -5?
30352
In base 12, what is 5 - a17?
-a12
In base 2, what is -100 - 110011100?
-110100000
In base 9, what is 610 - 1?
608
In base 4, what is 2310 + -2?
2302
In base 14, what is -a5a + 4?
-a56
In base 3, what is 11 + -222?
-211
In base 15, what is -2 - -26b?
269
In base 6, what is 22 - 1350?
-1324
In base 15, what is 2 - 16?
-14
In base 8, what is 246 + 5?
253
In base 